).
-221
Let a(t) = -31*t**3 - 3*t**2 - 5*t. Give a(-2).
246
Let m(v) = 3*v**2 + 20*v + 69. Calculate m(-5).
44
Let k(p) = -22*p**2 - 6*p + 28. Determine k(-4).
-300
Let c(w) = -5*w**3 + 12*w**2 + 24*w - 59. Give c(3).
-14
Let n(k) = -2*k**3 + 11*k**2 + 10*k + 55. Give n(7).
-22
Let n(u) = u**3 - 31*u**2 - 78*u - 41. What is n(33)?
-437
Let v(z) = -4*z**2 - 185*z - 271. Give v(-44).
125
Let g(n) = -n**2 + 374*n - 1498. Determine g(4).
-18
Let q(w) = -9*w + 149. Calculate q(19).
-22
Let l(s) = 2*s**3 - 45*s**2 + 251*s - 31. What is l(10)?
-21
Let t(s) = -94*s - 390. What is t(-4)?
-14
Let l(q) = -8*q + 139. What is l(26)?
-69
Let t(l) = -18*l - 128. Give t(-7).
-2
Let c(p) = -32*p**2 + 2. Calculate c(1).
-30
Let h(s) = s**3 + 12*s**2 - 7*s + 57. What is h(-13)?
-21
Let b(p) = -2*p**2 + 4*p + 22. What is b(-5)?
-48
Let o(y) = 10*y**2 + 32*y - 2. Give o(-3).
-8
Let q(g) = 133*g + 241. Give q(-2).
-25
Let y(q) = -169*q + 2014. Determine y(14).
-352
Let b(r) = r - 346. What is b(-11)?
-357
Let c(u) = -2*u**2 - 408*u - 2008. Give c(-5).
-18
Let s(r) = -393*r**2 + 10*r + 10. Determine s(-1).
-393
Let v(u) = -u**3 + 9*u**2 + 112*u - 623. Determine v(8).
337
Let k(y) = -153*y - 45. Calculate k(1).
-198
Let y(o) = 158*o - 456. Give y(3).
18
Let g(v) = -2*v**3 + 192*v**2. Give g(96).
0
Let v(f) = -20*f - 809. Determine v(-40).
-9
Let p(m) = 79*m**2 - 601*m + 20. Give p(8).
268
Let i(j) = -14*j - 69. Determine i(-8).
43
Let o(g) = -34*g - 1510. Give o(-58).
462
Let h(j) = 11*j**3 - 2291*j**2 + 626*j - 411. Determine h(208).
5
Let j(z) = -478*z + 480. Calculate j(1).
2
Let q(l) = -2*l**2 + 70*l + 5. Give q(35).
5
Let b(m) = 42*m + 166. What is b(-4)?
-2
Let r(h) = -296*h - 297. Give r(-1).
-1
Let u(l) = l**3 - 156*l**2 + 8*l - 1251. Give u(156).
-3
Let g(l) = -l**2 - 3*l - 12. Determine g(-10).
-82
Let b(p) = -p**2 + 18*p + 176. Calculate b(0).
176
Let n(h) = -h**3 - h**2 + 10*h + 22. Determine n(-3).
10
Let c(m) = 57*m**2 + 472*m + 16. Determine c(-8).
-112
Let n(m) = -m**3 - 7*m**2 - 6*m - 148. Give n(-11).
402
Let l(k) = 1027*k - 21583. Calculate l(21).
-16
Let c(u) = -u**3 - 10*u**2 + 19*u - 85. Give c(-12).
-25
Let t(r) = 7*r**2 + 220*r + 97. Give t(-32).
225
Let t(k) = -92*k + 151. Give t(4).
-217
Let t(l) = -10*l**2 - 117*l - 174. What is t(-10)?
-4
Let t(r) = 915*r + 3669. What is t(-4)?
9
Let s(i) = 11071*i + 44278. What is s(-4)?
-6
Let l(w) = 36*w**2 + 129*w + 10. Calculate l(-4).
70
Let m(g) = 3*g**2 + 307*g - 1271. What is m(4)?
5
Let o(k) = k**3 - 11*k**2 + 16*k - 61. Give o(10).
-1
Let d(j) = 2*j**3 - 9*j**2 - 2*j + 18. Calculate d(6).
114
Let x(c) = c**3 + 5*c**2 + 23*c + 89. Determine x(-6).
-85
Let q(c) = -3*c**2 + 310*c - 126. Calculate q(103).
-23
Let h(f) = 10*f - 449. Calculate h(44).
-9
Let o(l) = 231*l - 3272. Give o(14).
-38
Let x(u) = -u**3 + 14*u - 18. Give x(2).
2
Let r(d) = -202*d - 5165. Determine r(-26).
87
Let y(x) = x**3 - 38*x**2 - 76*x - 151. Calculate y(40).
9
Let n(f) = -34*f**2 + 4555*f + 116. Determine n(134).
-18
Let t(o) = 1721*o - 18930. Calculate t(11).
1
Let g(y) = y**2 + 17*y - 11129. What is g(-114)?
-71
Let q(y) = -4*y**3 - 83*y**2 + 63*y + 886. Determine q(-21).
4
Let k(n) = -9103*n - 100130. Determine k(-11).
3
Let q(s) = s**2 - 47*s + 303. Determine q(8).
-9
Let i(a) = -1354*a + 1386. What is i(1)?
32
Let s(c) = c**2 - 5*c - 135. Calculate s(26).
411
Let w(h) = 8*h**2 - 1201*h - 30104. What is w(172)?
-4
Let b(j) = j**2 + 35*j - 37. Give b(-28).
-233
Let r(t) = -205*t - 3268. Determine r(-16).
12
Let i(o) = -o**2 - 4*o + 54. Give i(-13).
-63
Let d(m) = -4*m**2 - 4*m + 38. Calculate d(3).
-10
Let r(c) = -c**2 + 51*c + 165. Give r(54).
3
Let f(b) = -b**3 - 77*b**2 - 76*b + 9. Determine f(-76).
9
Let g(k) = 2*k**2 - 61*k - 248. Determine g(34).
-10
Let r(c) = -c**2 - 123*c + 8433. Determine r(-172).
5
Let m(q) = -q**2 + 96*q + 5783. Determine m(138).
-13
Let v(y) = y**2 - 915*y + 2737. What is v(3)?
1
Let x(h) = -h**3 + 55*h**2 + 58*h - 80. Calculate x(56).
32
Let h(w) = w**3 - 7*w**2 + 30*w - 122. Calculate h(7).
88
Let c(n) = -1606*n + 206. Give c(1).
-1400
Let w(m) = 164*m - 1146. Give w(9).
330
Let z(b) = -20*b**3 - 3*b**2 + b + 1. Determine z(-1).
17
Let q(t) = -t**3 - 42*t**2 - 155*t - 102. What is q(-38)?
12
Let u(s) = s**3 + 136*s**2 + 904*s + 83. What is u(-129)?
-46
Let u(n) = -2*n**3 - 158*n**2 - 139. Give u(-79).
-139
Let y(i) = -386*i - 53659. Give y(-139).
-5
Let n(g) = -482*g + 1472. Give n(3).
26
Let b(t) = t**2 + 75*t - 879. Give b(-85).
-29
Let w(u) = 425*u**2 + 858*u + 29. Calculate w(-2).
13
Let h(w) = w**2 - 113*w + 2852. Give h(75).
2
Let g(d) = -d**3 + 16*d**2 - 97*d + 378. Give g(10).
8
Let d(j) = -916*j**3 + 5*j**2 - 12*j + 6. Calculate d(1).
-917
Let c(i) = 33*i + 3254. What is c(-101)?
-79
Let q(h) = -4*h**3 - 2*h**2 + 3*h + 1051. Give q(0).
1051
Let d(m) = -2*m**2 - 184*m - 3. What is d(-92)?
-3
Let y(d) = 3*d**3 + 113*d**2 + 77*d + 144. What is y(-37)?
33
Let g(j) = -3*j**3 - 85*j**2 - 175*j + 178. Determine g(-26).
-4
Let q(n) = -n**3 - 50*n**2 - 37*n + 583. Determine q(-49).
-5
Let t(q) = 59*q + 2536. What is t(-43)?
-1
Let g(a) = 50*a**2 + 327*a - 23. Determine g(-6).
-185
Let d(i) = i**3 - 14*i**2 - i + 21. Give d(15).
231
Let x(r) = -11*r + 83. Determine x(-13).
226
Let g(f) = f**2 - 37*f + 211. Calculate g(35).
141
Let k(h) = -5*h**3 - 11*h**2 - 22*h + 6. Determine k(-4).
238
Let g(r) = 30*r**2 + 226*r. Calculate g(-7).
-112
Let l(f) = f**3 + 10*f**2 + 6*f - 4. What is l(-4)?
68
Let j(t) = 81*t + 1137. Calculate j(-14).
3
Let b(j) = 6210*j - 31022. Calculate b(5).
28
Let k(g) = g**3 - 8*g**2 + 7*g + 35. Calculate k(6).
5
Let x(z) = 520*z + 2746. Calculate x(-6).
-374
Let i(n) = 2*n**2 + 42*n - 961. What is i(-35)?
19
Let f(w) = -w**2 + 38*w + 2887. Calculate f(75).
112
Let q(j) = 19*j**2 + 85*j + 97. Determine q(-2).
3
Let w(a) = 86*a + 1530. Calculate w(-22).
-362
Let n(b) = -6*b**2 + 69*b + 123. Calculate n(13).
6
Let w(s) = -35*s + 5774. Determine w(165).
-1
Let b(g) = 66*g + 2. Give b(3).
200
Let r(h) = -782*h + 159525. Give r(204).
-3
Let z(k) = -37*k**2 - 2*k - 11. Determine z(-5).
-926
Let k(a) = 2*a**3 + 4*a**2 - 4*a - 6. What is k(2)?
18
Let x(z) = -22*z + 347. Give x(13).
61
Let v(m) = -m**2 - 1948*m - 5844. Determine v(-3).
-9
Let g(a) = a**2 + 10*a + 38. Calculate g(-9).
29
Let l(p) = 2*p**3 + 62*p**2 + 116*p + 68. What is l(-29)?
68
Let t(g) = -g**3 - 9*g**2 + 28*g + 17. Calculate t(5).
-193
Let x(p) = p**3 - 24*p**2 + 61*p + 38. Give x(21).
-4
Let y(s) = -s**2 + 211*s + 2232. Determine y(-10).
22
Let s(c) = -c**3 - 61*c**2 + 325*c + 19. Calculate s(5).
-6
Let p(s) = -34*s**3 + 5*s**2 - 16*s + 17. What is p(2)?
-267
Let s(u) = -51*u - 22. Give s(4).
-226
Let r(t) = t**3 - 16*t**2 - 189*t + 680. Give r(3).
-4
Let y(v) = -2*v**3 + 14*v**2 + 10*v + 82. Calculate y(7).
152
Let g(c) = 2*c**2 + 127*c + 601. Give g(-58).
-37
Let o(s) = s**2 - 55*s + 367. Calculate o(49).
73
Let w(q) = q**2 + 57*q + 777. Give w(-37).
37
Let r(x) = x**3 - 3*x**2 - 90*x - 32. Give r(11).
-54
Let c(k) = -k**3 + 76*k**2 + 154*k + 137. What is c(78)?
-19
Let n(w) = 159*w**3 + 5*w**2 + 5*w + 2. Determine n(-1).
-157
Let v(n) = n**3 + 32*n**2 + 26*n - 61. Calculate v(-31).
94
Let h(w) = 16*w**2 + 35*w - 95. Give h(2).
39
Let h(z) = -z**2 + 118*z - 721. Give h(7).
56
Let i(v) = v**3 + 5*v**2 + 9*v + 13. Calculate i(-7).
-148
Let x(y) = 415*y + 1647. What is x(-4)?
-13
Let n(m) = -2*m**2 - 114*m - 1306. Give n(-16).
6
Let z(f) = -248*f**3 + f**2 - 8*f + 7. What is z(1)?
-248
Let h(x) = -x**2 - 44*x + 558. Give h(-57).
-183
Let d(s) = 20*s - 89. Give d(-19).
-469
Let u(l) = 13*l**2 + 124*l + 57. Calculate u(-9).
-6
Let w(d) = -d**3 + 24*d**2 - 2*d + 123. Determine w(24).
75
Let j(d) = -3*d**2 + 83*d + 32. What is j(28)?
4
Let y(i) = -5*i**2 - 428*i + 854. Determine y(2).
-22
Let v(q) = -11*q**2 - 33*q - 1. What is v(-6)?
-199
Let s(h) = h**2 + 36*h + 382. Calculate s(-19).
59
Let v(g) = -70*g + 4674. Give v(67).
-16
Let a(t) = -11*t + 192. Calculate a(17).
5
Let u(m) = -2852*m + 37142. Calculate u(13).
66
Let r(w) = w - 61. Give r(-33).
-94
Let n(g) = -20*g**2 + 178*g - 155. Determine n(8).
-11
Let b(j) = -j**3 - 9*j**2 - 80*j - 241. Calculate b(-4).
-1
Let z(w) = -42*w + 58. What is z(1)?
16
